= -11 + j. Let t be b/10 - 66/(-15). Give l(t).
10
Let o(j) be the third derivative of 0*j - 1/60*j**5 - 1/6*j**4 + 0 - 5/6*j**3 - 4*j**2. What is o(-5)?
-10
Let q(x) = -3*x + 8. Let c be (2/6)/(9/135). Let l(s) = 5*s - 12. Let g(a) = c*l(a) + 8*q(a). What is g(-5)?
-1
Let o be (1 - -1)*3/1. Let b(n) = -4*n**2 + 1 - 6*n - 4 + 5*n**2 + 0*n**2. Determine b(o).
-3
Suppose c + 2 = 2*c, c = -4*k + 14. Let q(i) = -k*i + 3 + 3*i**3 + 0*i - 4*i**2 - 3*i**3 + i**3. Calculate q(4).
-9
Let z(v) be the first derivative of 2*v**3 - 1/4*v**4 - 2 + 5*v - 3*v**2. What is z(5)?
0
Let l be ((-1)/(-2))/(2/(-24)). Let d(c) = -4*c - 8. Calculate d(l).
16
Let c(k) = -2*k. Let z be c(-1). Let m(j) = -3*j**2 - 2*j + j - 3*j + 4*j**z + 2. Give m(5).
7
Let c(t) = -5*t - 1. Let o be c(-1). Suppose 2*v - 3 - 3 = 2*x, -o*v = 4*x + 12. Let k(m) = m**3 - m**2 - m + 1. Determine k(v).
1
Let f = 18 - 18. Let j(h) = h**3 + h + 4. Give j(f).
4
Let j(n) = n**3 - n**2 - 3*n - 2. Suppose 0 = -u + 6*u. Suppose u*x - x = -8. Let y = x + -5. Calculate j(y).
7
Let w(o) be the second derivative of 0 + 4*o + 1/2*o**3 + 1/2*o**2 - 1/12*o**4. Let i(u) be the first derivative of w(u). Give i(5).
-7
Let p(q) = -3*q**3 + 2*q + q**3 + 3*q**2 - 30 + 30. Determine p(3).
-21
Let m(w) = -w**3 + 8*w**2 + w - 9. Let p = 30 - 22. Calculate m(p).
-1
Let f(g) = 2*g - 9. Let r be 8/(-20)*-1 - (-28)/5. Determine f(r).
3
Let f(j) be the second derivative of 0 + 3/2*j**2 - 2*j - 7/6*j**3 + 1/12*j**4. Give f(5).
-7
Let t be 2/(-1) + 7 + -7 + 0. Let g(v) = v**3 - v**2 - v + 2. Determine g(t).
-8
Let l(r) be the second derivative of r**2 + 0*r**3 + 1/12*r**4 + 2*r + 0 + 1/20*r**5. Calculate l(0).
2
Let s(x) = -3*x**3 - x**2 + x. Let d be 10/3 - (-2)/(-6). Suppose -d = y - 8. Suppose 2*l + 2*p - y*p = 2, -2*l - 3*p + 2 = 0. What is s(l)?
-3
Let f(z) = -2*z**3 + 3*z**2 - z - 1. Let a be (-5)/30 + 2/12. Suppose a = -5*r - s + 7, 3 = 2*r - 3*s - 10. Determine f(r).
-7
Suppose -4*u + 11 = 3. Let g be 4/10 + (-13)/(-5). Let c(r) = -4*r + 3 + g*r - 4. Give c(u).
-3
Suppose 10 = c + 4*c. Let j(o) = 3 + 3*o + 4*o**2 - 3*o + o**c + o**3. Suppose 6*x = 5*a + x + 25, 2*x = -4*a - 20. Determine j(a).
3
Let z(i) = i**2 - 12*i - 16. Let q be z(13). Let y(n) = n**3 + n**2 - 3*n + 4. Calculate y(q).
-5
Let g(n) = -n**2 - n - 8. Let w(m) = -m**2 - 7. Let u(o) = 5*g(o) - 6*w(o). Let r(q) = -2*q - 6. Let x be r(-6). Give u(x).
8
Let c(q) = q**2 + 3*q + 3. Let d(r) = r + 6. Let a be d(-3). Let b be (4 - a - 2)*-4. Let t be (-6 - -3)*b/3. What is c(t)?
7
Let x(g) = -6*g**2 + g - 1. Suppose -3*f - 6*f = -9. What is x(f)?
-6
Let u(k) = -3*k**2 + 2*k - 2. Suppose -2*f = -d - 0*f + 8, 2*d = f + 7. Suppose -3*a + 2*a = -d. Calculate u(a).
-10
Let k(d) = -d**2 - 27*d - 25. Let w be k(-26). Let n(y) = -12*y**2. Give n(w).
-12
Let l(c) = -c**2 + c + 2. Let x(w) = -13*w**2 - 11*w + 11. Let m(h) = 7*h**2 + 5*h - 6. Let u(g) = 11*m(g) + 6*x(g). Let i be u(-11). What is l(i)?
2
Let c(n) = n**2 + 5*n + 7. Let v(t) = -3*t**2 - 9*t - 5. Let d be v(-3). Calculate c(d).
7
Let v(x) = -5*x - 3. Let m(i) = -i**3 + 7*i**2 - 8*i. Let j be m(6). Let t = -18 - -12. Let c be (8/t)/((-8)/j). Calculate v(c).
7
Suppose 4*l = d - 18, -3*l - 3*d = 5 + 1. Let g(j) be the third derivative of j**5/60 + j**4/4 + j**3/6 - 5*j**2. Give g(l).
-7
Suppose 5*s = 3*s + 12. Let n(l) = -l + 1. Give n(s).
-5
Let h(i) be the third derivative of i**4/8 + i**3/3 + 2*i**2 + 2*i. Calculate h(5).
17
Let a = -15 + 12. Let n(s) = -s + 3. Give n(a).
6
Let n(r) be the first derivative of r**4/4 + 5*r**3/3 + r**2/2 - 7*r - 29. What is n(-5)?
-12
Let d(v) = 8*v - 3. Let z(k) = 145*k - 55. Let q(u) = 110*d(u) - 6*z(u). Suppose -4*g - 2 = 2*s, -3*g = -g + 2. What is q(s)?
10
Let w(s) = s - 5. Let k be 1 - 15/(-3 + 0). What is w(k)?
1
Let l(v) be the second derivative of 1/6*v**3 + 0 + 1/12*v**4 - 2*v**2 + 3*v. Determine l(-3).
2
Let u(p) = p**3 - 9*p**2 + 8*p. Let c be u(8). Let y(z) = -z**3. Give y(c).
0
Let i = -1 + -6. Let b = 7 + i. Suppose b = -0*h + 2*h + 6. Let z(f) = f + 7. Determine z(h).
4
Let q = 39 + -35. Let y(p) = p**3 - 5*p**2 + 5*p - 3. What is y(q)?
1
Let w(j) = j**3 + 6*j**2 + 3*j - 7. Suppose 5 + 4 = -d. Let h be (d - -10)/((-2)/10). Give w(h).
3
Let l(c) = 2*c - 15. Let j(g) = -g + 7. Let n(p) = 3*p - 2. Let v be n(5). Let k(t) = v*j(t) + 6*l(t). Let z = -4 - -1. What is k(z)?
4
Let u = 0 - -2. Let f(n) be the third derivative of 1/24*n**4 - 1/60*n**5 + 0 + 1/3*n**3 + 1/120*n**6 + 2*n**2 + 0*n. Determine f(u).
8
Let n(b) = -b**2 + 3*b - 1. Let m(y) = -y - 5. Let f be m(-7). Let v(g) = 2*g - 1. Let p be v(f). Calculate n(p).
-1
Let z(w) = w**2 + 6. Suppose 9 + 6 = -3*p. Let u = p + 2. Let a = -3 - u. Calculate z(a).
6
Let d(x) = -19 - 24 - x + 40. What is d(-3)?
0
Let a be (3 + 1)/(1/(-2)). Let b be (-2 - -2 - a)/(-2). Let k(x) = -2*x**2 - 5*x + 3. Determine k(b).
-9
Let w(j) = -j**2 - j + 1. Suppose 3 + 1 = 2*v. Let a be 1*v*(-3)/6. Let m(k) = -k**3 + 6*k**2 + 2*k - 4. Let g(x) = a*m(x) - 4*w(x). Give g(2).
4
Let y(k) = -k - 7. Let x(l) = 4*l + 20. Let j(c) = 4*x(c) + 11*y(c). Suppose -38*g + 34*g = 8. Give j(g).
-7
Let y(c) = -10*c + c**3 - 8*c**2 + 1 - 3 + 11*c. What is y(8)?
6
Let r = 1 + -4. Let a(d) be the third derivative of d**6/120 + d**5/15 - d**4/24 - 2*d**3/3 + d**2. Determine a(r).
8
Let d be 24/9*3/(-2). Let f(j) be the first derivative of -j**7/840 - j**6/72 - j**5/30 + j**3/3 - 3. Let m(z) be the third derivative of f(z). What is m(d)?
0
Let w be 1*-3*(-4 + 3). Let s(d) = -4*d - 23*d**2 + 25*d**2 - d**3 + 6*d - d + 1. Calculate s(w).
-5
Let x(y) = -5*y**2 + y. Suppose 5*l = -3*q + 22, -2*q + 2*l - 13 = q. Give x(q).
-6
Let k(g) be the third derivative of -g**6/120 - g**5/12 - g**4/6 + g**3/6 - 14*g**2. What is k(-3)?
-5
Suppose -4*x = 4*v + 12, -4*v - 8 = 5*x + 3. Let p(r) = 8*r + 1. What is p(x)?
9
Let n(m) = m**2 - 6*m + 5. Let y = 3 + 0. Let v = y + 1. Suppose 17 - 1 = v*h. What is n(h)?
-3
Let v(g) = -6*g**2 - 6*g + 2*g - g**3 + g**2. Let q be (-6)/5*35/14. Determine v(q).
-6
Let r(q) = q**3 + q**2 + q + 7. Let w = -15 - -21. Let v be (1 - -2)*1/1. Suppose -5*p = -5*g + 15, 2*p + w = v*g - 3. Give r(p).
7
Let t be (4/6)/(16/72). Suppose 2*p + 14 + 2 = 2*i, 5*i + p - 46 = 0. Let s = t - i. Let l(a) = a**2 + 7*a + 1. Determine l(s).
-5
Let l(t) be the third derivative of t**5/60 - t**4/24 - 2*t**3/3 + t**2. Let c = 4 + -7. Let u be c + 0*(-2)/6. Give l(u).
8
Let y(c) = 5*c**2 - 5*c + 5. Let x(j) = -14*j**2 + 15*j - 14. Let w(t) = 12*t**2 + t. Let k be w(-1). Let i(q) = k*y(q) + 4*x(q). Calculate i(4).
3
Let g be 16 + -4 - (0 + 0). Suppose 3*a + 3 = -g. Let j(i) = -3*i**2 + 13*i - 4. Let m(x) = 2*x**2 - 7*x + 2. Let d(r) = a*m(r) - 3*j(r). Calculate d(-5).
-3
Let j = 11 + -16. Let h(y) = -y + 1. What is h(j)?
6
Let n(c) = c - 16. Let d(p) = 7*p - 31. Let z be d(6). Give n(z).
-5
Let v be 9/(-2)*(-2)/3. Let t(s) be the first derivative of -2 - v*s**2 - 4*s + 1/3*s**3. Calculate t(5).
-9
Let b(p) = -7*p + 3. Let h be b(-2). Let a(u) = -u - 24 + 0*u + h. Determine a(-6).
-1
Let u be (8/(-3) + 3)*18. Let m be (u - 5)*4/1. Suppose 9*v - 7*v = m. Let w(d) = -3*d. Give w(v).
-6
Let i = 5 + -1. Suppose 5*h + 6 = -3*f + 7*f, -4*f = -i*h - 4. Let y(r) = 7*r**2 - r. Give y(f).
8
Suppose 2*u - 3*q - 15 = -u, 0 = -q + 1. Suppose u*m - m = 0. Let t(p) = 4*p - 2*p + m*p. Determine t(2).
4
Suppose 9 - 39 = 5*o. Let p = -4 - o. Let z(l) = 2*l + p - 3 + 1 - 4. Determine z(3).
2
Let v(j) = -j. Suppose 4*n + 3*w = -2*w + 19, 4*n - 1 = w. Suppose 3*d + 2*r = 5, -2*d + 2*r + n = d. Let z be 2*d/(3/(-6)). Calculate v(z).
4
Let q be 2/8*(2 - -2). Let l = q + -1. Let u(w) = -w**2 - w - 5. Let m be u(l). Let z(s) = s + 12. Determine z(m).
7
Let o(n) = -1. Let v(y) = 7*y**3 - 2*y**2 + 4. Let l(t) = -3*o(t) - v(t). Let c = -9 - -9. Suppose 4 = -4*q - c*q. Determine l(q).
8
Let m be -2*(-3)/(-3)*-1. Let r(f) = -m*f + f**2 + 3*f**2 + 6*f + f**3. Calculate r(-3).
-3
Let k = 6 + -4. Let q(x) = -2*x**2 + 3*x**k + 2*x**2 - x. Suppose 5*s = 8 - 3. Determine q(s).
2
Let m(s) be the second derivative of s**3/6 + 9*s**2/2 - 2*s. Let w = -5 - -8. Let u = w + -8. What is m(u)?
4
Let l = -20 + 16. Let k(s) = -s**2 - 3*s - 3. Determine k(l).
-7
Let j(a) = 5*a**2 - 9*a + 3. Let h(v) be th